239
Suppose -5*i + 43513 = -2*b, -87*b + 88*b + 8702 = i. List the prime factors of i.
3, 967
Let n(d) = 3*d**3 - 32*d**2 + 15*d - 16. Let v be n(13). Suppose 350*x - 356*x = -v. List the prime factors of x.
227
Suppose 0 = 5*t - 4*w - 21429, -4*t + 7*t = w + 12863. What are the prime factors of t?
4289
Let r(i) = -7*i**3 - 34*i**2 - 3*i. Let y(u) = 3*u**3 + 16*u**2 + u - 1. Let k(j) = 2*r(j) + 5*y(j). List the prime factors of k(-10).
5, 41
Let w be 2 + -9 - (-1839)/3. Let k = w - 240. List the prime factors of k.
2, 3, 61
Suppose 239774 - 47414 = 28*g. List the prime factors of g.
2, 3, 5, 229
Let g be 872511/(-6) - 90/60. What are the prime factors of 2/(-8) + (g/(-16))/11?
2, 7, 59
Suppose 0*g - 2*g + 4*o + 6 = 0, -4*g + 12 = -4*o. Suppose 5*p - 97 = -r, -2*p - g*p = -r + 87. What are the prime factors of r?
2, 23
Let t(n) = 53*n - 93. Let s = 154 - 145. What are the prime factors of t(s)?
2, 3
Let a(r) = -2*r + 48. Suppose s + 31 = -2*u, -2*u - 9 - 7 = -4*s. Let m be a(u). Suppose -438 = -2*k - m. What are the prime factors of k?
181
Let h(c) = -c - 8 - 13 - 6855*c**3 - 7*c**2 + 6854*c**3. Suppose -s + 48 = -5*q, 3*q - 3*s - 5 = -29. What are the prime factors of h(q)?
17
Suppose 4*m = -90 + 110. List the prime factors of -4 + -2 - (-655)/m.
5
Let t be (-1)/(1 - (1 + -1)). Let k(f) = -3*f**3 + 3*f**2 + 3*f - 4. Let z be k(-3). List the prime factors of (-2 + 4 - z)*t.
3, 31
What are the prime factors of 6/39*235677/6?
6043
Let f be 4/14 + 25470/35. Let x = -433 + f. List the prime factors of x.
5, 59
Let a(d) be the first derivative of d**3/3 - d**2 - 10*d - 1. Let x be a(5). Suppose 160 + x = 3*z. List the prime factors of z.
5, 11
Let n be (-50)/(-18) - 8/(-36). Suppose a - 37 = -n*x, 0 = -6*x + 3*x + 5*a + 67. List the prime factors of ((-4)/10)/(x/(-2345)).
67
Let y(u) = u**2 + 10*u + 20. Let k be y(-8). Suppose -o = -5*o + 4*h + 48, o + k*h = 32. List the prime factors of o.
2
Suppose 0 = -8*c - 230 - 994. Let i = -12 - c. Suppose -5*j - 3*q = -i, 4*j - q - 133 = -j. List the prime factors of j.
3
Let w = 118 + -82. Let m be (w/8 + -2)*2. List the prime factors of m + 90 + (1 - -3).
3, 11
Let s(z) = 10*z - 18. Let v be s(2). What are the prime factors of (1540/(-6) - v)/(16/(-96))?
2, 97
Suppose -20*r + 16*r + 158724 = 0. Suppose 32*o - r = 3007. What are the prime factors of o?
2, 23, 29
List the prime factors of ((-32)/(-8) + -108069)*((-95)/(-25) - 4).
21613
Suppose 261593 = 57*f - 389347. List the prime factors of f.
2, 5, 571
What are the prime factors of 44/77*(-20797)/(-2)?
2, 2971
Suppose 2*t - 84 = 5*g, -210 = -2*t - 3*t - 5*g. Suppose 9 + t = i. Suppose 5*r = 5*p + 431 - i, 3*p = -2*r + 147. List the prime factors of r.
3, 5
Let r(x) = 29*x**2 + 4*x + 55. Let h(u) = u**3 + 13*u**2 - 2*u - 33. Let s be h(-13). What are the prime factors of r(s)?
2, 181
Suppose -7180 = -v - 5*a, -35923 = -5*v - 54*a + 52*a. List the prime factors of v.
3, 5, 479
Suppose 468 = -21*v + 25*v. Let d = v + -81. Let z = d + -2. List the prime factors of z.
2, 17
Let j be 43/1 - (-1)/(-1). Let q be (1/(-3))/(7/j). Let y(t) = -33*t - 4. List the prime factors of y(q).
2, 31
What are the prime factors of (-853215)/(-22) - (-1 - -1 - 3/(-6))?
2, 19391
Suppose -12*n + 280 = -3*q - 10*n, -3*q - n - 292 = 0. Let c = q - -354. What are the prime factors of c?
2, 3, 43
Let f = -117 - -120. Suppose -2*o = f*t - 15, -t - 30 = -3*o - 3*t. Suppose -1265 = -17*k + o*k. What are the prime factors of k?
11, 23
Suppose 0 = -g - 4, 3*k + 9 - 64 = -5*g. Suppose k*h = 320 - 20. What are the prime factors of h?
2, 3
List the prime factors of 4936/(-20)*(-10)/1 + (-348)/(-58).
2, 1237
Let b(s) = s**2 + s - 2. Let w be b(-4). Suppose -5430 + 2100 = -w*h. What are the prime factors of h?
3, 37
Suppose -39 = -3*d + 3*k, 3*d + 5*k = 2*k + 21. Suppose 7*z = d + 4. What are the prime factors of (4 + (-63)/14)*(-574 + z)?
2, 11, 13
Suppose 2*w = -2*s + 5*s + 1272, 3*w = 3*s + 1902. Let d = -370 + w. What are the prime factors of d?
2, 5, 13
Let a be 12/21*(-49)/(-14). Suppose 3*h = a*i - 897, 0*h = 3*h + 9. Suppose -11*n - i = -15*n. List the prime factors of n.
3, 37
Suppose -267*a + 255*a + 360 = 0. Suppose -92 - a = -2*l. List the prime factors of l.
61
Suppose 5*c - 2*n = -120, -3*c - 4*n - n - 103 = 0. Let b = -27 - c. List the prime factors of (4 - 180/(-8))*(b + 5).
2, 53
Suppose 628 = -5*r - 1947. Let y = -256 - r. What are the prime factors of y?
7, 37
Suppose 10348800 = -16*m + 240*m. List the prime factors of m.
2, 3, 5, 7, 11
Let j(h) = h**3 - 5*h**2 - h + 11. Let n = 21 + -19. Suppose -2*u - 3*s = -8, -2*u + s + 20 = -n*s. List the prime factors of j(u).
2, 3, 17
Let i(r) = 5*r**3 - 37*r**2 - 74*r + 36. Let g(n) = 2*n**3 - 12*n**2 - 24*n + 12. Let k(j) = 8*g(j) - 3*i(j). List the prime factors of k(-12).
2, 3, 5
Let d(j) = 1 - j**3 - 8*j + 1 + 3 - 1 - 8*j**2. Let f be d(-6). What are the prime factors of (-5)/f - (-1308)/16?
2, 41
Suppose -5*g - 8*g + 182 = 0. What are the prime factors of (-2)/(-4) - (-12915)/g?
13, 71
Suppose -90 = 4*o + 2*b, -5*o - 5*b - 54 - 56 = 0. What are the prime factors of 14*o*132/(-77)?
2, 3, 23
Let c = -2676 + 3054. List the prime factors of c.
2, 3, 7
Let b(j) = 2*j**3 - 17*j**2 + 21*j + 24. Let z be b(11). Let i = z + -466. List the prime factors of i.
2, 197
Let f(k) = 60*k**3 + 6*k**2 + 44*k + 5. What are the prime factors of f(5)?
3, 5, 7
Let c(b) = 14*b + 19. Let l(s) = -17*s - 20. Let t(n) = -7*c(n) - 6*l(n). List the prime factors of t(12).
5, 7
Suppose 6*h + 471*g - 468*g - 47151 = 0, 5*h + 5*g = 39305. What are the prime factors of h?
2, 491
Let i(p) be the second derivative of p**5/10 - 2*p**4/3 + 5*p**3/6 + 7*p**2/2 + 3*p + 10. What are the prime factors of i(7)?
2, 3, 7
Let t(s) = 15*s**2 - 11*s + 21. Suppose 8*z - 92 + 76 = 0. What are the prime factors of t(z)?
59
Suppose 3*p - 69 = -0*p + 3*x, -3*p + 77 = -x. Suppose -2345 = -34*j + p*j. List the prime factors of j.
5, 67
Let a(v) = 176 - 5*v + 624 + v**2 + 2*v + 670. What are the prime factors of a(0)?
2, 3, 5, 7
Let g be 147/(-4) - 9*1/(-12). List the prime factors of 96*g*4/(-64).
2, 3
Suppose -q = -2*q - 80. Suppose 168 = 557*j - 581*j. Let l = j - q. What are the prime factors of l?
73
Suppose 2*n - 2*t - 35 = 49, 2*n + 4*t = 72. Suppose 0 = -9*p + 13*p - 24. List the prime factors of (-63)/(-35)*n/p.
2, 3
Let h = 36 - 36. Suppose 15*o - 6*o = h. Suppose o = -y + 20 + 31. What are the prime factors of y?
3, 17
Suppose -a + 1 = -2*l - 0, -2 = -l. Suppose a*c + 147 - 432 = 0. What are the prime factors of c?
3, 19
Suppose 26*u - 160 = 6*u. Let a(n) = 18*n**2 - 43*n - 3. List the prime factors of a(u).
5, 7, 23
Suppose -2*k + 20 = 3*d, 0 = 5*d - 10*d + k + 42. Suppose -956 - 388 = -d*m. What are the prime factors of m?
2, 3, 7
Let h(q) = -41*q**3 - q**2 - 19*q - 51. List the prime factors of h(-6).
3, 7, 47
Suppose 0 = -5*v + 5, 5*v + 653 = -4*o - 274. Let s = o - -391. Suppose 0 = -2*h + s + 284. What are the prime factors of h?
13, 17
List the prime factors of 392058/(-230)*(-1 - 14/6).
2, 3, 947
Let i = 116931 + -78071. What are the prime factors of i?
2, 5, 29, 67
Let x = -19 + 30. Suppose -280 = 4*a - x*a. Suppose -42*m = -a*m - 146. What are the prime factors of m?
73
Let w(k) = 3*k**2 - 24*k - 42. Let d be w(-12). Let t = -252 + d. What are the prime factors of t?
2, 3, 71
Let d = -1919 - -2538. What are the prime factors of d?
619
Let w(c) = -c**3 - 4*c**2 + 4. Let a be w(0). Suppose a*j - j = 891. List the prime factors of j.
3, 11
Let z = 5313 - 1657. Suppose -4*d = 3*i - z, 5*d - 3*i - 2001 = 2569. What are the prime factors of d?
2, 457
Suppose -40*k - 166352 = -44*k + 2*m, 3*k = -4*m + 124720. What are the prime factors of k?
2, 23, 113
Suppose b - 32 = 3*u - 305, -2*b - 2*u - 514 = 0. Let z = -76 - b. List the prime factors of z.
5, 37
Let u(f) = -2*f + 9. Let l be u(3). Suppose -2*k + 787 = -2*s + l*s, -4*s = -4. What are the prime factors of k?
3, 131
Let d(r) = -r + 12. Let b be d(6). Let z be (-6)/2 + (-177)/(-2)*b. Suppose -z = -4*f - 2*f. What are the prime factors of f?
2, 11
Let j(f) = 15*f**2 + 10*f - 11*f - 20*f**2 - 25*f**2. Let m be j(1). What are the prime factors of (-92)/10*(m - (-9 - -3))?
2, 5, 23
Let n(m) = -9*m + 56. Let v(j) = 4